 by c?
12
Let j = 9 - -17. Calculate the remainder when j is divided by 10.
6
Suppose -1 = -q + 2*k + 4, q - 6 = 3*k. Suppose -m = -q, f + m = 2*f + 9. Calculate the remainder when 33 is divided by (f/(-4))/((-3)/(-18)).
6
Suppose t + 5*v = 91, 590 = 5*t - 3*v + v. Calculate the remainder when t is divided by 40.
36
Let r(g) = -g**3 - 5*g**2 - 3*g - 6. What is the remainder when r(-5) is divided by 5?
4
Suppose 5*r = 158 + 132. Suppose 17*w = 20*w - 45. What is the remainder when r is divided by w?
13
Let d be (-8)/(-2) + (-15)/(-3). Suppose r = -0*r + d. Calculate the remainder when r is divided by 5.
4
Suppose 4*r - 3*r - 2 = 0. Suppose -4*f = r - 126. Suppose 0*n - 173 = -5*t - 3*n, -t + 3*n = -f. Calculate the remainder when t is divided by 12.
10
Suppose -5*m + 156 = -2*m. Suppose 5*x - m = x. What is the remainder when 24 is divided by x?
11
Suppose 3*d - d = h + 35, 3*d - 45 = 4*h. What is the remainder when 37 is divided by d?
18
Suppose -3*g + 31 = 13. Suppose 0 = 2*y - g, -q - 21 = -2*q - 5*y. Let d(j) = j**3 - 4*j**2 - 9*j + 1. What is the remainder when 75 is divided by d(q)?
18
Let c(b) = -b + 8. What is the remainder when 42 is divided by c(-7)?
12
Suppose 0 = v + v - 10. Suppose -13 = -v*i + 57. What is the remainder when i is divided by 2 - (-2 + (2 - 3))?
4
Suppose 7*a + 2*q = 4*a + 29, -3*q = 3*a - 24. What is the remainder when 37 is divided by a?
11
Suppose -21 + 9 = 3*l. Let o = l - -6. Let p = o - -3. Calculate the remainder when 9 is divided by p.
4
Suppose r = -3*r + 8. Suppose -6*n = -r*n - 32. Suppose 150 = n*x - 5*x. Calculate the remainder when x is divided by 13.
11
Let p = 128 + -55. Calculate the remainder when p is divided by 19.
16
What is the remainder when 166 is divided by 5/(-20) + (-85)/(-4)?
19
Suppose 2*l - 32 = -2*l. Let g = -4 - -13. Calculate the remainder when 3/(-12) + 202/l is divided by g.
7
What is the remainder when 906/26 + (-8)/(-52) is divided by 18?
17
Suppose n + 3*d = 9, -n + 3*d - 2 = 1. Suppose n = -5*c + 4*c. What is the remainder when 27 is divided by (-4 - -1)*14/c?
13
Suppose 0 = 6*i - i - 5, -3*a + 4*i + 2 = 0. Let n(w) = 2*w**3 - 2*w**2 - 2. Calculate the remainder when (-1 + -9)*(-1 - 0) is divided by n(a).
4
Let h(o) = -8*o + 7. Let y(s) = s**2 - 10*s + 4. Let v be y(6). Calculate the remainder when h(-4) is divided by (1/2)/((-1)/v).
9
Let a(x) = 7*x**2 - 1. Let c be a(-1). Suppose -c = 3*h - 33. Calculate the remainder when 33 is divided by h.
6
Suppose -r = -3*r - 5*t + 44, -2*t = -3*r + 47. What is the remainder when 98 is divided by r?
13
Let u = -10 + 13. What is the remainder when 3 is divided by u?
0
Let i(z) = 5*z**2 - z + 2. Let k be -2 - (-1)/((-1)/(-4)). Suppose -4*p = k*u - 2, -4*p + 2*u - 7 = 7*u. Calculate the remainder when i(p) is divided by 7.
6
Let k(n) = -74*n. Let v be k(-1). Suppose v = x + x. Calculate the remainder when x is divided by -2*11/(-2) + 2.
11
Let q(o) = -o**3 + 5*o**2 - 3*o - 2. Let k be q(4). Let t = 5 - k. Calculate the remainder when t is divided by 2.
1
Suppose u - 24 = -5. Suppose 4*x - 2*x - 74 = 0. What is the remainder when x is divided by u?
18
Suppose -3*j - j = 4*q - 108, 0 = 4*j - 4*q - 132. What is the remainder when j is divided by 8?
6
Let j = -141 - -215. What is the remainder when j is divided by 38?
36
Suppose h = 4 + 1. Suppose 7 = b + h. Suppose b*a + 3*a - 145 = 0. Calculate the remainder when a is divided by 15.
14
Let x(h) = -4*h - 5. Let c be x(-4). Let j(q) = -q**3 + 10*q**2 + 13*q - 13. Let m = -65 - -91. What is the remainder when m is divided by j(c)?
8
What is the remainder when (3 + (-27)/6)*(-136)/3 is divided by 24?
20
Suppose 5*k + 37 = 4*l + 4*k, -k = l - 8. Calculate the remainder when l is divided by (17 - 2)*(-2)/(-6).
4
Let x(k) = -k**3 + 26*k**2 + 29*k - 28. What is the remainder when 258 is divided by x(27)?
24
Suppose 0 = -5*s + 10. Let l = 2 + s. Suppose -l*k = 2*x - 1 - 7, 3*x - 2*k - 44 = 0. What is the remainder when x is divided by 7?
5
Let u be 8*(-4 - -3)*-1. Let d = u + 3. Calculate the remainder when d is divided by 34/6 + (-1)/(-3).
5
Let y be ((-42)/(-35))/(6/(-100)). Let n = y - -23. What is the remainder when n is divided by 3?
0
Let d(s) = -2*s + 15. Calculate the remainder when 77 is divided by d(-3).
14
Suppose -5*l = -c + 1, -l - 4*l + 15 = 0. Calculate the remainder when 111 is divided by c.
15
Let i(u) = -3*u**3 + 7*u**2 + 5*u - 1. Let y(t) = t**3 + 1. Let f(g) = -i(g) - 5*y(g). What is the remainder when f(-4) is divided by 6/(-39) - 580/(-52)?
10
Let d be (-6)/((-2)/(-16) + 0). Let o = 86 - d. Suppose b + 5*l = 6*b - 230, 4*l + o = 3*b. Calculate the remainder when b is divided by 17.
16
Let d(h) = 4 - 2 + 4*h**3 + 3*h - 5*h**3 - 4*h**2. What is the remainder when 33 is divided by d(-5)?
9
Let h(o) = -o**2 + 10*o - 4. Suppose 3*v + 5 = 3*c - 7, 0 = 3*v + 6. Suppose c*z = 10, 2*k - z + 2*z - 19 = 0. What is the remainder when h(8) is divided by k?
5
Suppose -465 = -7*o + 326. Calculate the remainder when o is divided by 29.
26
Let o be (-30)/6*(3 + -2). Let f(g) = g**2 + g + 2. Let u(k) = 13*k**3 - k**2 + k - 1. What is the remainder when f(o) is divided by u(1)?
10
Let d = -6 - 23. Let q = d + 53. Calculate the remainder when 94 is divided by q.
22
Let y = -16 + 28. Let p be (-2)/1*y/(-3). Suppose a + p = 2*a. Calculate the remainder when 14 is divided by a.
6
Suppose 0*j + 3*j - 42 = 0. Suppose 0*r = 2*r - 10. What is the remainder when j is divided by -4*3/((-12)/r)?
4
Let r(p) = -7 - 9*p + 1 - p**3 - 7*p**2 + 0 - 3. Calculate the remainder when 16 is divided by r(-6).
7
Suppose -13 = c - 2*c. What is the remainder when c is divided by (3/(-6))/(-1)*14?
6
Let y = 8 + -5. Let j(x) = 3*x**2 - 4*x + 3. What is the remainder when j(2) is divided by y?
1
Suppose -y = 5*q - 6*y - 155, 29 = q + y. Calculate the remainder when 56 is divided by q.
26
Let o = 5 + -4. Let q = o + 64. What is the remainder when q is divided by 17?
14
Suppose 186 + 36 = 6*k. Calculate the remainder when 108 is divided by k.
34
Suppose 2*l + 0*l - f - 69 = 0, -27 = -l - 2*f. What is the remainder when l is divided by 18?
15
Suppose b + 404 = 5*d + 4*b, -b + 3 = 0. Let q(z) = -2*z**3 + 3*z**2 + 2*z + 3. What is the remainder when d is divided by q(-2)?
25
Let w be (-2 + 4 - -4) + -1. Suppose 4*m = 5*k - 75, -3*k + 80 = 2*k - w*m. Suppose 0 = -3*g + 5*g - 40. Calculate the remainder when g is divided by k.
9
Let j be (-2 - 0)/(0 + 2). Let h be ((-2)/(-3))/(j/3). What is the remainder when (h/(-4))/((-3)/(-42)) is divided by 3?
1
Suppose -4*n = -2*k - 0*n + 28, -4*k - 2*n = -106. Suppose -2*l = 5*f - 175, -l = -0*f - 2*f - 101. What is the remainder when l is divided by k?
23
Let r = 36 - 5. What is the remainder when 90 is divided by r?
28
Let k be 0/((-3)/((-3)/(-2))). Suppose 136 = -k*b + 4*b. Suppose -b + 0 = -2*s. Calculate the remainder when s is divided by 9.
8
Suppose 7 - 1 = 3*h. Suppose 11 = -0*m - m - 2*x, m - 5*x = 24. Calculate the remainder when m/(27/(-12) + 2) is divided by h.
0
Let l(h) be the third derivative of -h**5/60 + 11*h**4/24 - 5*h**3/6 + 7*h**2. Suppose 0*c = 4*c - 32. What is the remainder when 55 is divided by l(c)?
17
Let r = 344 + -343. Suppose -5*b + 0*f - 4*f = -19, -b = -4*f + 1. What is the remainder when b is divided by r?
0
Suppose 0*v = 3*v - 150. Let r = 91 - v. Suppose -2*u - 43 = -5*x, -3*x + 3*u + 2*u = -r. Calculate the remainder when 19 is divided by x.
5
Let j(o) = 7*o + 14. Let d(n) = -3*n - 7. Let p(c) = 5*d(c) + 2*j(c). Let u be p(-8). Let m = 2 + u. Calculate the remainder when 4 is divided by m.
1
Suppose 0 = -3*q + 54 - 21. What is the remainder when 19 is divided by q?
8
Suppose 6*r - r - 60 = -4*x, 2*x - 12 = 2*r. What is the remainder when 36 is divided by x?
6
Let y(g) = -g**3 + 3*g**2 - g + 3. Let x be y(3). Let w be 27 - (-5)/((-5)/3). Suppose -4*r + w + x = 0. Calculate the remainder when r is divided by 4.
2
Let h(m) = -m**2 - 6*m - 3. Let r be h(-4). Suppose r*x = -k - 18 + 79, -5*k = 20. Calculate the remainder when x is divided by 7.
6
Calculate the remainder when 3 is divided by -2*(-7 - -3)/4.
1
Let d(w) = -15*w. Let y be d(-1). Suppose -x + 5*l = 10 + 15, -x - y = -3*l. Suppose x = -4*t + t + 18. What is the remainder when t is divided by 4?
2
Ca